7440 is divided by 191.
4
Calculate the remainder when 740 is divided by 74.
0
What is the remainder when 2594 is divided by 332?
270
What is the remainder when 5270 is divided by 473?
67
What is the remainder when 88902 is divided by 128?
70
Calculate the remainder when 5366 is divided by 383.
4
Calculate the remainder when 214366 is divided by 1675.
1641
What is the remainder when 13327 is divided by 2582?
417
Calculate the remainder when 24315 is divided by 8006.
297
What is the remainder when 11043 is divided by 421?
97
Calculate the remainder when 33353 is divided by 6670.
3
Calculate the remainder when 11069 is divided by 221.
19
Calculate the remainder when 15511 is divided by 16.
7
Calculate the remainder when 1054 is divided by 37.
18
What is the remainder when 106870 is divided by 22?
16
What is the remainder when 35011 is divided by 17494?
23
What is the remainder when 2809 is divided by 255?
4
What is the remainder when 120205 is divided by 3081?
46
Calculate the remainder when 25429 is divided by 2929.
1997
Calculate the remainder when 23437 is divided by 25.
12
Calculate the remainder when 15936 is divided by 15917.
19
What is the remainder when 136613 is divided by 198?
191
Calculate the remainder when 861 is divided by 849.
12
What is the remainder when 14385 is divided by 1595?
30
Calculate the remainder when 1243 is divided by 113.
0
What is the remainder when 548850 is divided by 23863?
1
Calculate the remainder when 1708 is divided by 3.
1
Calculate the remainder when 30223 is divided by 617.
607
Calculate the remainder when 215214 is divided by 35.
34
What is the remainder when 80989 is divided by 80?
29
What is the remainder when 60911 is divided by 30444?
23
What is the remainder when 381359 is divided by 190678?
3
Calculate the remainder when 23245 is divided by 11495.
255
Calculate the remainder when 374505 is divided by 57.
15
Calculate the remainder when 43007 is divided by 630.
167
Calculate the remainder when 2113 is divided by 185.
78
What is the remainder when 2557 is divided by 209?
49
Calculate the remainder when 102289 is divided by 240.
49
Calculate the remainder when 291008 is divided by 367.
344
What is the remainder when 32519 is divided by 460?
319
Calculate the remainder when 40036 is divided by 975.
61
Calculate the remainder when 165 is divided by 158.
7
What is the remainder when 95368 is divided by 34?
32
What is the remainder when 5204 is divided by 859?
50
What is the remainder when 143917 is divided by 14?
11
What is the remainder when 51320 is divided by 17077?
89
Calculate the remainder when 172839 is divided by 563.
561
Calculate the remainder when 7163 is divided by 66.
35
What is the remainder when 5739 is divided by 152?
115
Calculate the remainder when 64994 is divided by 125.
119
What is the remainder when 4503 is divided by 263?
32
Calculate the remainder when 44805 is divided by 14932.
9
What is the remainder when 514 is divided by 50?
14
Calculate the remainder when 3405 is divided by 447.
276
What is the remainder when 3243 is divided by 55?
53
What is the remainder when 112001 is divided by 128?
1
What is the remainder when 71823 is divided by 2?
1
Calculate the remainder when 126531 is divided by 63251.
29
What is the remainder when 33130 is divided by 1227?
1
Calculate the remainder when 2330 is divided by 159.
104
Calculate the remainder when 6334 is divided by 181.
180
What is the remainder when 631 is divided by 49?
43
Calculate the remainder when 3410 is divided by 846.
26
What is the remainder when 95765 is divided by 1878?
1865
What is the remainder when 31199 is divided by 170?
89
What is the remainder when 802407 is divided by 10?
7
What is the remainder when 2074 is divided by 690?
4
What is the remainder when 6463934 is divided by 9?
8
Calculate the remainder when 54505 is divided by 27249.
7
What is the remainder when 661759 is divided by 320?
319
Calculate the remainder when 4553 is divided by 81.
17
Calculate the remainder when 7747 is divided by 76.
71
Calculate the remainder when 4400 is divided by 548.
16
Calculate the remainder when 691127 is divided by 993.
992
Calculate the remainder when 10252 is divided by 3075.
1027
What is the remainder when 67297 is divided by 7?
6
What is the remainder when 28973 is divided by 421?
345
What is the remainder when 1384 is divided by 182?
110
Calculate the remainder when 4085 is divided by 241.
229
Calculate the remainder when 5262 is divided by 105.
12
What is the remainder when 91956 is divided by 22?
18
Calculate the remainder when 1473653 is divided by 23.
20
Calculate the remainder when 67439 is divided by 544.
527
Calculate the remainder when 13276 is divided by 3.
1
What is the remainder when 331975 is divided by 46?
39
What is the remainder when 5511 is divided by 117?
12
What is the remainder when 55588 is divided by 9263?
10
What is the remainder when 771 is divided by 286?
199
Calculate the remainder when 7247 is divided by 25.
22
What is the remainder when 11255 is divided by 84?
83
What is the remainder when 2852 is divided by 19?
2
What is the remainder when 128282 is divided by 7546?
0
Calculate the remainder when 350244 is divided by 1260.
1224
Calculate the remainder when 1562498 is divided by 34.
28
What is the remainder when 329789 is divided by 34?
23
Calculate the remainder when 105435 is divided by 43.
42
Calculate the remainder when 65833 is divided by 319.
119
Calculate the remainder when 1121 is divided by 3.
2
Calculate the remainder when 7704 is divided by 1971.
1791
Calculate the remainder when 284730 is divided by 82.
26
What is the remainder when 3678 is divided by 1703?
272
Calculate the remainder when 8442 is divided by 1407.
0
Calculate the remainder when 24024 is divided by 480.
24
Calculate the remainder when 20557 is divided by 22.
9
What is the remainder when 122434 is divided by 31?
15
What is the remainder when 830866 is divided by 23?
14
Calculate the remainder when 77242 is divided by 142.
136
What is the remainder when 19539 is divided by 181?
172
What is the remainder when 480994 is divided by 17?
13
Calculate the remainder when 7738 is divided by 447.
139
What is the remainder when 13504 is divided by 1?
0
Calculate the remainder when 108338 is divided by 108305.
33
What is the remainder when 5933 is divided by 985?
23
What is the remainder when 114829 is divided by 12?
1
Calculate the remainder when 11904 is divided by 793.
9
Calculate the remainder when 11035 is divided by 65.
50
Calculate the remainder when 14865 is divided by 4913.
126
What is the remainder when 1558 is divided by 541?
476
Calculate the remainder when 45497 is divided by 2166.
11
What is the remainder when 20186 is divided by 103?
101
Calculate the remainder when 12442 is divided by 82.
60
Calculate the remainder when 278517 is divided by 42.
15
What is the remainder when 69728 is divided by 19?
17
What is the remainder when 29159 is divided by 12?
11
Calculate the remainder when 377733 is divided by 34.
27
Calculate the remainder when 2467 is divided by 133.
73
What is the remainder when 2007 is divided by 522?
441
Calculate the remainder when 70217 is divided by 83.
82
Calculate the remainder when 3227 is divided by 284.
103
Calculate the remainder when 30882 is divided by 3414.
156
Calculate the remainder when 59080 is divided by 542.
2
What is the remainder when 3094 is divided by 97?
87
What is the remainder when 74188 is divided by 530?
518
What is the remainder when 2073479 is divided by 898?
895
Calculate the remainder when 12607 is divided by 87.
79
What is the remainder when 7558 is divided by 1518?
1486
Calculate the remainder when 27079 is divided by 645.
634
What is the remainder when 20307 is divided by 263?
56
What is the remainder when 1242 is divided by 42?
24
Calculate the remainder when 55403 is divided by 186.
161
Calculate the remainder when 9510 is divided by 564.
486
What is the remainder when 14338 is divided by 4769?
31
Calculate the remainder when 169964 is divided by 79.
35
What is the remainder when 11710 is divided by 213?
208
What is the remainder when 326473 is divided by 13603?
1
Calculate the remainder when 46917 is divided by 15637.
6
What is the remainder when 25679 is divid